- 2*k - 3 = -4*l. Let a(y) = -3 - 8*y + 15*y + 2 - 4*y. Calculate a(k).
-4
Let o(i) be the third derivative of i**5/60 + i**4/4 + 2*i**3/3 - 7*i**2. Determine o(-3).
-5
Let v(q) be the third derivative of q**4/12 - q**3/3 - 2*q**2. Suppose 0*w + 2*w + 5*f = -3, -5*w = 3*f + 17. Calculate v(w).
-10
Let x(t) = t**3 - t + 1. Let q = -4 + 5. Let o(m) = -4*m**3 + 5*m**2 + 11*m + 1. Let d(p) = q*o(p) + 5*x(p). What is d(-4)?
-2
Let r(a) = -a - 4. Let w = -9 - -4. Let c = 2 + w. What is r(c)?
-1
Suppose -2*h - 8 = -4*h. Let u(t) = 2*t - 135*t**3 + 0*t - 4 - 1 + 4*t**2 + 134*t**3. Determine u(h).
3
Let f(g) = -4*g**3 - 3*g**2 + g - 1. Let p(r) = 3*r**3 + 2*r**2 + 1. Let u(q) = -4*f(q) - 5*p(q). What is u(-3)?
2
Let l(z) = -z**3 - 2*z**2 + z - 3. Let k = 58 + -61. What is l(k)?
3
Let u(g) be the second derivative of -g**4/6 - 29*g. Calculate u(-1).
-2
Let h(y) = y + 5. Suppose 0 = 2*d + 4, 2*g + 2 = 2*d - 2. Let o be h(g). Let b(l) = 8*l**2 + l. Give b(o).
9
Let f = 154 + -161. Let u(l) = l**3 + 7*l**2 - 2*l - 9. Determine u(f).
5
Let l(i) = i**2 - 4*i - 3. Suppose 48 = 9*n - 6. Determine l(n).
9
Let h(a) = a - 11. Let z(i) = -3*i - 3*i + 8*i - 3*i - 12. Let c be z(-12). Give h(c).
-11
Let s(q) = q**2 + 9*q - 11. Suppose 14*n + 43 = -83. Determine s(n).
-11
Let a(x) be the first derivative of -x + 5 + 3/4*x**4 - x**2 + 2/3*x**3. Determine a(-2).
-13
Let m(g) = g**3 + 5*g**2 + 2*g. Suppose 2*d = -d + 27. Let l be 2/4*(d - 3). Suppose l*t + 0*t + 12 = 0. Give m(t).
8
Suppose u = 4*j - 9, 5*u - 7 = 2*j + 2. Let d(z) = z**3 - 4*z**2 + 5*z - 2. What is d(u)?
4
Let p(b) = b - 1. Let a be 2/(-8)*-2*10. Let t = a + -18. Let n = t - -8. Calculate p(n).
-6
Let x(f) = -f**2 + 4*f + 6. Suppose 11 - 35 = -4*m. What is x(m)?
-6
Let a = -12 + 7. Let b = -2 - a. Suppose -3*l - b = -u, -u - 2*l - 9 = -l. Let s(f) = f**2 + 8*f + 5. Determine s(u).
-7
Let l(w) = 4*w**2 - w - 1. Let x(k) = -k**2. Let a(s) = -s - 3. Suppose 2*f = 5*f. Let q be a(f). Let y(g) = q*x(g) - l(g). Give y(1).
1
Let b(u) = -u**2 - 6*u - 4. Let v = -7 - -12. Let x(y) = y**3 - 4*y**2 - 6*y + 2. Let g be x(v). Give b(g).
5
Let v(l) = l + 1. Let r be v(3). Let p be 9/(-2 + -1) + r. Let z be (p + 8)*12/(-18). Let d(y) = -y - 8. Calculate d(z).
-2
Let x(r) = 12*r - 5*r - 5*r + 4. Let w(f) = -5*f - 8. Let v(d) = 3*w(d) + 7*x(d). Let p(i) = 2*i - 5. Let j be p(5). Determine v(j).
-1
Let i(f) = f**3 - f**2 - 2. Let z(o) = 3*o**2 + 5*o. Let j be z(-2). Determine i(j).
2
Let k(n) = n + 8. Suppose 0 = -7*h + 2*h - 50. Let q be (12/h)/(4/20). Determine k(q).
2
Let m = 2 - 12. Let c be (-5)/(m/4) - 0. Let k(t) = -t**2 + t + 2. Give k(c).
0
Suppose -5*m = z + 3*z + 16, 5*m - 5*z - 20 = 0. Let u(n) = n**3 - 1. Determine u(m).
-1
Let b = 4 + -2. Let p = b + -5. Let j(t) = -t**3 - t. Let o(w) = -w**2 + 4*w - 3. Let k(r) = -j(r) - o(r). What is k(p)?
-6
Let t(u) = u**2 - 13*u - 12. Let l be t(14). Let h be (0 + 1)/(l/4). Let i(m) = -m**3 + m**2 - 3*m + 3. Determine i(h).
-7
Suppose -4 = -2*l - 0*l. Let o(i) = 2*i + i**2 + 0*i**2 + 4*i**2 - 4*i**l. Let q(p) = p**2 + 4*p - 3. Let u be q(-4). Determine o(u).
3
Let w(g) = -g**2. Suppose 3 = 5*z - 2. Let p(r) = 3*r**2 + 7*r + 6. Let f(t) = z*p(t) + 2*w(t). Let x be (-108)/20 + 4/10. What is f(x)?
-4
Let y(w) = -w**2 + 7*w + 1. Let t(n) = -6*n. Let o be t(-1). Calculate y(o).
7
Let x(j) = 7*j**2 - 6*j + 8. Let c(u) = u**2 - u. Suppose -4*q = -2 - 6. Let z = q + -1. Let n(f) = z*x(f) - 6*c(f). Determine n(0).
8
Let n = 16 + -11. Let a(y) = y**2 - 5*y + 2. What is a(n)?
2
Suppose 0 = 3*o + 5*q - 8, o + 0*o + 16 = 3*q. Suppose -4*c + 0*c + 13 = -y, 0 = -5*c - 2*y. Let k(w) = 6 + w - c*w + 2*w. What is k(o)?
2
Let l(d) = d**2 + 10*d + 13. Let u be l(-9). Suppose -u*a = -0*a + 12. Let k be -1 + a/(3/4). Let b(z) = 2*z + 3. Determine b(k).
-7
Let v(b) = -b**2 - 4*b. Let y(u) be the third derivative of 1/24*u**4 - 1/60*u**5 + 0 - 1/6*u**3 + 0*u - 2*u**2. Let n(c) = -v(c) + 2*y(c). Give n(5).
3
Let z(p) = p**3 + 28*p + p**3 - 3*p**3 - 29*p + 5*p**2 - 4. What is z(5)?
-9
Let a(j) = j - 3. Suppose -6*k + k = 20. Give a(k).
-7
Let r(h) = -6*h + 2. Let a(c) = -7*c + 3. Let l(i) = -5*a(i) + 6*r(i). Give l(0).
-3
Let p(f) = -f**2 + 3*f - 1. Let g be 54/(-24) - 1/(-4). Let d = g + 3. What is p(d)?
1
Let c(o) = -o**2 - o + 2. Suppose -86 = -2*v - 86. Determine c(v).
2
Let r = -7 - -9. Let j(w) = 2 - w + w + r*w. Determine j(-3).
-4
Let p be 108/(-20) + 4 + 54/(-15). Let s(j) = j**3 + 4*j**2 - j. Give s(p).
-20
Let u(r) = -r + 2. Let o be (2 + -2)/(3 + -1). Calculate u(o).
2
Let z(o) be the second derivative of -1/2*o**2 - 6*o + 0 - 1/3*o**3. Calculate z(-4).
7
Let d(j) = -2*j**3 + 2*j**2 + j + 2. Suppose 0 = 8*r - 15 - 1. Determine d(r).
-4
Let b(h) be the first derivative of -h**7/840 - h**6/180 + h**5/40 - h**4/8 - 4*h**3/3 + 1. Let w(m) be the third derivative of b(m). Determine w(2).
-13
Let a be ((-1)/(-3))/(2/12). Let m be ((-2)/a)/(2/(-8)). Let u(r) = r. Let p(q) = -2*q - 3. Let f(n) = -p(n) - 4*u(n). Determine f(m).
-5
Suppose 0 = 4*t + 10 - 2. Let n(v) = -2*v**2 - 2*v - 1. Let m(i) = -4*i**2 - 4*i - 2. Let b be 2/6 - 39/9. Let p(f) = b*m(f) + 9*n(f). Calculate p(t).
-5
Let f(r) = 2*r**3 + r**2 - 2*r**2 - r**3 - 6. Let t = -12 + 14. Suppose 18 = -5*i + 5*p - 2, -3*i = -t*p + 8. Determine f(i).
-6
Suppose -6*v = -1 + 13. Let b(d) be the third derivative of 0 + d**2 + 1/6*d**3 + 1/20*d**5 + 1/24*d**4 + 0*d. Determine b(v).
11
Let g(p) = -2*p + 14*p - 3 - 11*p. Determine g(7).
4
Let n(u) be the first derivative of 3*u**2/2 + 4*u - 29. Calculate n(5).
19
Let p(q) = -2*q**3 + 2*q + 1. Let n = -93 + 92. What is p(n)?
1
Let p(i) = i**2 - 5*i - 2. Let b(x) = x**3 - 4*x**2 + x - 4. Let u be b(3). Let y = u + 16. Give p(y).
4
Suppose 0*h = -4*h + 2*z, -3*z = 3*h. Let k(o) = -o - 5. Give k(h).
-5
Let w(d) be the first derivative of -d**3/3 - 2*d**2 - 3*d + 30. Calculate w(-2).
1
Let g(k) be the first derivative of -k**2 - 8. What is g(-2)?
4
Let v(y) = -y**3 + 2*y**2 - y. Let n(r) = 3 + 7*r - r - 8 + r**2. Let g(l) = -l**3 + l**2 - 3*l + 3. Let q be g(2). Let i be n(q). Determine v(i).
-2
Let x(t) = t**2 + 3*t + 4. Let k be x(-3). Let q(c) be the first derivative of 1/4*c**4 + k*c**2 - 4 - 9*c - 7/3*c**3. Determine q(6).
3
Let k(p) = p**2 + 6*p + 5. Suppose 11 = -v - 4*r, -2*v + 3 = 4*r + 5. Suppose a + 1 = 6. Let t = a - v. What is k(t)?
-3
Suppose 0 = 2*l - 3*y + 27, 4*l + 2*y - 3*y = -29. Let o(a) be the second derivative of a**3/3 + 5*a**2/2 - 2*a. Determine o(l).
-7
Let q(p) be the first derivative of -11*p + 1/2*p**2 - 2. Give q(5).
-6
Let x(d) be the third derivative of -d**6/120 - d**5/20 + d**4/12 - 2*d**3/3 - d**2. Suppose 2*a - 1 = -3*l - 6, -l = -3*a + 9. Give x(l).
-10
Let s = 11 - 7. Suppose 0*o - s = -2*o. Let k(i) = 5*i**2 + 0*i - 5*i**o - 3*i + i**2 - 2. Give k(5).
8
Let v(r) = r. Suppose 0 = 2*q - 0*q - 98. Suppose -7 = -3*k - 5*f, -f - q = 4*k - 6*f. Let t = 4 + k. Calculate v(t).
-2
Suppose f = -2*v + 7*v + 29, 5*f = -4*v. Let b(y) be the third derivative of -2*y**2 + 1/3*y**3 + 1/8*y**f + 0 + 0*y + 1/120*y**6 + 1/30*y**5. Give b(-2).
-4
Let r(x) = -x**3 + 2*x**2 + 2*x - 3. Let l = -31 - -33. Calculate r(l).
1
Let y(i) = i**2 + 7*i - 5. Let h = 99 + -105. What is y(h)?
-11
Let z(c) = c**3 + 5*c**2 + 6*c + 6. Let m = 6 + -5. Let r(j) = 2*j**3 + 2*j**2 - 1. Let p be r(m). Suppose -p*i - 10 = 2. Give z(i).
-2
Let r(t) be the first derivative of -t**3/3 + 2*t**2 + t - 2. Determine r(5).
-4
Let t(a) = a**2 - 5*a + 3. Let v(m) = 5*m**2 - 26*m + 15. Let x(n) = -22*t(n) + 4*v(n). What is x(4)?
-14
Let m(t) = -t**3 - 7*t**2 - 7*t. Let l = -97 + 92. Calculate m(l).
-15
Suppose 0*t - 5*t + 5*q - 45 = 0, -q - 11 = 3*t. Let n(x) = -2*x. Let b(r) = -10*r. Let g(v) = 3*b(v) - 14*n(v). Calculate g(t).
10
Let a(q) = q + 3. Let r be -4 + 88/20 + (-17)/5. Determine a(r).
0
Let l(b) be the third derivative of b**6/120 - 7*b**5/60 + 7*b**4/24 + 3*b**2. Determine l(6).
6
Let w(v) be the third derivative of 0*v + 3*v**2 - 1/24*v**4 + 0 - 2/3*v**3. What is w(-6)?
2
Suppose 2*y + h + 10 = 0, h - 4*h = -y - 12. Let o(f) = f + 7. Determine o(y).
1
Let q(v) = 11*v + 1. Let i(u) = -u**3 + u + 2. Let l be i(-1). Give q(l).
23
Let h(g) = g**2 - 5*g + 4. Suppose 0*z - 3 = -z + 3*u, 0 = -5*z - 3*u 